1*m + 3. Let h(n) = 13*n**3 + 6*n**2 - 16*n - 4. Let l(v) = -5*h(v) - 7*x(v). What is the tens digit of l(-3)?
2
Let z = -92 - -501. What is the hundreds digit of z?
4
Let s(q) = q**3 - 41*q**2 - 13*q - 123. What is the thousands digit of s(43)?
3
Let f(y) = -y**3 - 6*y**2 - 8*y - 3. Suppose -4*r - r - 25 = 0. Let t be f(r). Suppose 0 = -n + 10 + t. What is the tens digit of n?
2
Let s(r) = -12 + 7 - 2*r + r. Let o be s(-6). What is the tens digit of o/(-3) + (-2604)/(-63)?
4
Let a be ((-56)/(-16))/(1/2). Suppose -j - a = -10. Suppose -f + 4*f - 132 = j*d, 2*d - 147 = -3*f. What is the units digit of f?
7
Let r be 9 - 1 - (-4 + 8). Suppose -2*v - r*v = -12. Suppose -v*t - 150 = -4*t. What is the units digit of t?
5
Suppose -4*r + 3*n = -666 + 3102, -4*r = -n + 2444. Let o = 858 + r. What is the hundreds digit of o?
2
Let d(o) = -o**3 + 21*o**2 - 7*o + 7. What is the units digit of d(11)?
0
Let i = -30 - -25. What is the units digit of ((-440)/12)/i - (-1)/(-3)?
7
Suppose 4*a - 2*a - w = -10, -26 = 2*a - 5*w. What is the tens digit of (31/a)/(14/(-6) - -2)?
3
Let u(o) be the first derivative of o**5/30 - 7*o**4/24 - o**3/6 - 4*o**2 - 2. Let l(t) be the second derivative of u(t). What is the units digit of l(-3)?
8
Let n = 16 - 19. Let i be (-22)/n - 1/3. Suppose 0 = -r + 55 - i. What is the units digit of r?
8
Let c be (-306)/(-81) - (-4)/18. Suppose c*r - 5 = 15. Suppose -5*w = -3*n - 19 - 40, -r*w = 5*n - 35. What is the units digit of w?
0
Let z(w) = 38*w + 146. What is the tens digit of z(14)?
7
Let w be (-2)/8 + 9/36. Suppose 3*o = -2*i + 27, i - 15 = -w*i - 3*o. Let r = 50 - i. What is the units digit of r?
8
Let f = 28 + -44. Let z = -10 - f. Suppose z*w = 4*w + 36. What is the tens digit of w?
1
Let v = -30 + 1100. What is the units digit of v?
0
Suppose 0 = 10*w + 601 + 419. Let q = w - -205. What is the hundreds digit of q?
1
Suppose 2*l = 3*c - 1691 + 598, -16 = -4*l. Let x = -215 + c. What is the units digit of x?
2
Let w(f) = f**3 + f - 42. Let s be w(0). What is the tens digit of 2778/21 + 12/s?
3
Let o(h) = -16*h - 107. What is the units digit of o(-38)?
1
Let j(l) be the third derivative of -5*l**4/24 + l**3 + l**2. Let z be j(9). Let s = z + 67. What is the units digit of s?
8
Suppose 109166 = 26*s + 15202. What is the thousands digit of s?
3
Let c = 130 + -142. Let i(b) = -7*b**3 + b**2 - 1. Let f be i(-1). What is the tens digit of (-867)/c - f/28?
7
Let l(z) = -z**2 - 7*z + 8. Let d(u) = u**2 + 7*u - 7. Let p(o) = -4*d(o) - 3*l(o). Let t be p(-7). What is the units digit of t/(-10) + 52/5?
0
Suppose 220*b - 27962 = 209*b. What is the tens digit of b?
4
Let v(y) = -y**3 + 18*y**2 - 28*y - 27. What is the tens digit of v(16)?
3
Let z = 610 - 79. What is the tens digit of z?
3
Let v = 474 + -341. What is the units digit of v?
3
Let t be (-1 + (-27)/(-12))*4. Suppose 2*c - t*q = -7*q, 5*c = -4*q. Suppose 3*f + 4*m - 37 = 0, c*f + m - 18 = -2*f. What is the units digit of f?
7
Suppose 3*f - 2*w - 3*w - 4 = 0, 4*f = 2*w + 10. Suppose -f*i + 6*i = 135. What is the tens digit of i?
4
Suppose 0 = -8*v + 12 - 4. What is the units digit of (16 - 20) + v + 30?
7
Suppose -30*o - 15889 = -60829. What is the hundreds digit of o?
4
Let m be -8 + 9 - (-1 - 141) - 2. Let l = m - 39. What is the units digit of l?
2
Let o(m) = m**3 + 4*m + 11*m**2 - 468 - 4*m**2 + 473. Suppose -2*j = -0*j + 12. What is the tens digit of o(j)?
1
Suppose 2*n = -2 + 8. Let q be (4/3)/(n/9). Suppose 7*i - 15 = q*i. What is the units digit of i?
5
Suppose c - 1046 = 3*g, -2*c = 2*g - 1361 - 731. What is the tens digit of c?
4
Let d = 559 + -346. Suppose -5*m = -162 - d. What is the units digit of m?
5
What is the units digit of ((-40)/(-3) + (-11 - -8))*66?
2
Let o(z) = -2*z**2 + 5*z**2 + 2*z**2 - 4 - 4*z**2. Let g be o(-2). Let l(u) = -u**2 - u + 33. What is the tens digit of l(g)?
3
Let z(u) = 7*u**2 + 4*u + 57. What is the hundreds digit of z(-8)?
4
Suppose 12*o - 17*o = -4*s - 75, -4*o + 2*s + 66 = 0. What is the units digit of o?
9
Let h(x) = -x**2 + 4*x + 13. Let d be h(6). What is the units digit of 142 - 6 - (d - 3)?
8
Let s(z) be the third derivative of -11*z**4/24 + z**3/3 - 5*z**2. What is the tens digit of s(-6)?
6
Suppose d - 3*p - 1641 = 0, -2*d - p + 1867 = -1429. What is the hundreds digit of d?
6
What is the hundreds digit of (0 + 1)/((-1)/(-356))?
3
Let v = -47 + 47. Let o = 166 - 94. Suppose 0*a - 4*a + o = v. What is the units digit of a?
8
Suppose -6192 = -19*a + 9939. What is the hundreds digit of a?
8
Let b(f) = f + 7. Suppose d - 3 = -3*h - 2, -3*d - 39 = -5*h. Let w be b(d). What is the tens digit of (-12)/((-3 - w)/4)?
2
Let o be 45/(-6) - 1/(-2). Let v(a) = -5*a**2 + 0*a**2 + 4*a**2 - 8*a. What is the units digit of v(o)?
7
Suppose m = -4*w + 771 - 172, -m = -2*w + 301. Let f = 272 - w. What is the tens digit of f?
2
Suppose 3*x + 48 = 5*x. Let s be 4/x - (-1234)/12. Suppose 0 = 4*g + 15 - s. What is the units digit of g?
2
Let v = 746 + -321. What is the tens digit of v?
2
Suppose 4*d - 2*m + 5*m = -48, -2*d + 5*m - 24 = 0. Let n(b) = b**3 + 14*b**2 + 17*b + 17. Let p be n(d). Let a = -62 + p. What is the tens digit of a?
3
Suppose 5*w = 32 + 108. Suppose 2*k + 306 + w = 3*r, 5*r - 565 = 5*k. What is the tens digit of r?
0
Let p = 126 - 287. What is the units digit of (p/(-2))/(1/2)?
1
Let h = -2126 + 4020. What is the thousands digit of h?
1
Let j be (876/(-10))/((-24)/60). Suppose 0*w + w - 3*c = j, -4*w = 5*c - 859. What is the units digit of w?
6
Let z(y) = -y**3 - 11*y**2 + 12*y + 4. Let g be z(-12). Suppose 6 = g*l - 18. What is the units digit of l?
6
Suppose 4*k - 3*h - h - 44 = 0, 5 = -k + 5*h. Suppose -k*a = -10*a. Suppose x = -a*x + 32. What is the tens digit of x?
3
Let r(h) = 8*h + 1. Let k be r(-5). Suppose -8*v + 141 = 21. Let y = v - k. What is the tens digit of y?
5
Let t = 12 + -2. Suppose -z + 0 = -t. What is the units digit of z?
0
Let b(g) be the second derivative of g**5/20 - 5*g**4/12 + 5*g**3/6 + 2*g**2 - 6*g. Let s be b(4). Suppose -3*w - 10 = -s*w. What is the units digit of w?
2
Let h(p) = -p**3 - 2*p**2 - p - 4. Let a be h(-3). Let f = 10 - a. Suppose -c + f + 2 = 0. What is the units digit of c?
4
Let h(x) = 3*x + 33. Let f be h(7). Let m = f - 27. What is the units digit of m?
7
Let v(t) = t**2 - 5*t - 13. Let x(k) = 3*k + 2. Let h be x(-3). What is the units digit of v(h)?
1
Let o = -55 + 129. Let h = 41 - o. Let r = -20 - h. What is the units digit of r?
3
Suppose j - 100 + 0 = 0. Suppose 3*r + 4*z = 370, 0 = 4*r + 4*z - j - 400. What is the hundreds digit of r?
1
Suppose 338 = 2*r - 4*r. Let v = -99 - r. Let c = v - 42. What is the tens digit of c?
2
What is the tens digit of -2 + (8/2)/(7/28)?
1
What is the tens digit of ((-20)/(-3))/((-4)/15072*-8)?
4
Suppose 4*j = -3*t + 1100, 3*j - 436 + 61 = -t. Suppose 5*f + 226 = 3*l - 146, 0 = -3*l + f + t. What is the units digit of l?
9
Suppose 860 + 10 = 3*r + 4*s, -2*r = -4*s - 600. Suppose 0 = -5*h - 2*t + 354, 4*h - 4*t + 2*t = r. What is the units digit of h?
2
Suppose -5*p = 28 - 8. Let y = 11 + p. What is the units digit of y?
7
Let a(o) be the second derivative of 1/4*o**4 - 3/2*o**2 + 3*o - 2/3*o**3 + 1/20*o**5 + 0. What is the units digit of a(-3)?
9
Suppose -2*l + 366 + 102 = 4*i, 940 = 4*l + 4*i. What is the tens digit of l?
3
What is the units digit of (-22)/(-44)*(789 + 1 + -2)?
4
Let a(r) = -13*r + 3. Let w be a(1). What is the hundreds digit of (303 - -7)*(-4)/w?
1
Let x be (-4816)/(-20) - (-4)/20. Suppose 4*l - 5*j = 353, -2*j + x = 3*l - 41. What is the units digit of l?
2
Let n(v) = -v**3 + 11*v**2 - 10*v + 3. Let u be n(10). Suppose o - 1 = -4, u*i = -o + 63. What is the units digit of i?
2
Suppose -100*t - 7709 = -113*t. What is the units digit of t?
3
Let q(l) = l**2 - 4*l + 8. Let n be q(6). Suppose -w = w - 6, -4*s = 4*w - n. Suppose -s = -3*j + 3*f + 40, 3*f - 62 = -5*j. What is the tens digit of j?
1
Suppose 5247 - 20724 = -21*g. What is the units digit of g?
7
Let b be (-2 - -1)/(3/9). Let s = b + 5. Suppose 0 = -s*o - 3*o + 155. What is the units digit of o?
1
Let c = -49 + 55. Suppose c*d = -410 + 1052. What is the units digit of d?
7
Let a(r) = r**3 - 6*r**2 - 2*r + 14. Let g be a(6). What is the units digit of g/4*44 + 2?
4
Sup